 be (-64 + -4)/(3 + -4). Let n = 111 - s. What is the tens digit of n?
4
Suppose 15 = 3*a, -a - 63 + 20 = -3*n. Suppose 21*z = n*z + 280. What is the units digit of z?
6
Let w = 11 - -10. What is the units digit of (-4)/6 - (-182)/w?
8
Let j(n) = n + 3. Let i be j(3). Let h(b) = i*b - 9*b - 4 - 3. What is the units digit of h(-5)?
8
Let o be 118/2 + -4 + 3. Suppose 12*r = 10*r + o. What is the tens digit of r?
2
Suppose 2*p - 3*p - 2*b + 1 = 0, b = -5*p + 14. Suppose 3*i = -5*n + 45, n - 2*i = p*i + 9. What is the units digit of n?
9
Let o be (0 - 0/1)/2. Let k be (1 + -7)/3 + o. What is the units digit of k/((-4)/(-2) - 4)?
1
Let g = 112 - 57. What is the units digit of g?
5
Let s be 7/(-3) - (-2)/6. Let y = 7 + s. Suppose h = -4*p + 28, 3*h - y = p + 1. What is the units digit of p?
6
Let o be 16/(-9) + 2/(-9). What is the tens digit of ((-14)/(-21))/(o/(-45))?
1
Let n be (-2 - 0 - 1) + -1. Let r be 2*((-30)/n)/5. Suppose 22 = r*q - 0*y + y, 5*q = -4*y + 32. What is the units digit of q?
8
Let o be 0*3/(-6) + 0. Suppose 4*y - 2*d - 2*d + 200 = o, 2*y - 4*d + 106 = 0. What is the units digit of (-4)/10 + y/(-5)?
9
Suppose -5*j + 44 = -56. Let l = j - -13. What is the tens digit of l?
3
Let o = 1 + -1. Let x be o*(-3)/(-9) - -32. Suppose -z + x = 3*z. What is the units digit of z?
8
Let h = -1 - 1. Let u = 0 - h. Let x = 5 - u. What is the units digit of x?
3
Let r(b) = -b + 2. Let i be r(-5). Let x be (4 - 19)/(((-27)/6)/3). Let y = i + x. What is the tens digit of y?
1
Suppose 0 = f - 8 + 3. Suppose a = f - 0. Suppose 70 = -0*y + a*y. What is the tens digit of y?
1
Let x(o) = o**2 - 3*o - 2. Let w(y) = 3*y**3 - y**2 + y. Let u be w(1). Suppose 14 = u*j - 1. What is the units digit of x(j)?
8
Suppose -3*u + 5*u = 0. Let k = 30 - u. What is the tens digit of k?
3
Let y = 114 - 79. What is the units digit of y?
5
Let c = -38 - -86. Let i = c + -28. What is the units digit of i?
0
Let o = -136 - -220. What is the tens digit of o?
8
What is the units digit of 1 - 0 - (2 + -7)?
6
Suppose -3*k - k = 0. Suppose -5*v + 14 + 101 = k. What is the tens digit of v?
2
What is the tens digit of ((-70)/15)/((-2)/21)?
4
What is the tens digit of 1 + -3 + 58/1?
5
Let n be -6 - (-1 - (0 + 1)). What is the tens digit of (-3)/n*4 - -8?
1
Let h(v) = -4 + 2*v - 11*v**2 + v**3 + 12 + 1 + 9*v. What is the units digit of h(10)?
9
Let a = -63 + 43. Let m be (a/(-3))/(6/27). Let q = m - 18. What is the tens digit of q?
1
Suppose 0 = -6*u + 4*u + 2. Suppose 2 - u = x. Suppose -h = -0*h - x. What is the units digit of h?
1
Let i(s) = 4*s**2 - 1. What is the units digit of i(-1)?
3
Let a = 1 - -3. Suppose -5*f + 10 = -d, -f - 3 = -a*d - 5. Suppose d = -5*y + 19 + 1. What is the units digit of y?
4
Let x(q) = -q**2 + 7*q - 6. Let n = 6 + -1. Let u be x(n). Suppose -5*c + 45 = -z - z, u*c = 5*z + 36. What is the units digit of c?
9
What is the tens digit of (3 - 4)*-2 + 69?
7
Suppose z + z = 82. What is the units digit of z?
1
Let o be 4/(-22) + 233/11. Let m be (18/o)/((-1)/(-7)). Let i(w) = w. What is the units digit of i(m)?
6
Let p be (-124)/(-3)*(-6)/(-4). Let o = p - 104. What is the units digit of (72/o)/(1/(-7))?
2
Let s = 245 + -135. What is the hundreds digit of s?
1
Let d(j) = 2*j + 11. Let s be d(-8). Let k = s - 1. Let a(h) = -2*h + 1. What is the units digit of a(k)?
3
Let k = -3 + 6. Suppose -6*f + k*f + 6 = 0. What is the units digit of f?
2
Suppose 0*g - 44 = -g. What is the units digit of g?
4
Let c = -16 + 3. Let m = -6 - c. What is the units digit of m?
7
Let s(k) = -5*k**3 - 2 + 4*k**3 + k**2 - 2*k**2. What is the tens digit of s(-3)?
1
Let d = 1 + 1. Suppose -2*h = -0*h - d. What is the units digit of h + -3 + 1 + 8?
7
Let r = 31 + -21. What is the units digit of r?
0
Let a be 5/(-4) - (-2)/8. Let f = a - -3. Suppose -3*j = -g + 2 - 5, -2*g - f = -2*j. What is the units digit of j?
1
Suppose -5*v - 585 = -5*m, v - 597 = -2*m - 3*m. What is the units digit of m?
9
Let r be 72*3/(-18)*4. What is the units digit of (-2)/(-2)*r/(-6)?
8
Suppose 3*j + 2*g + 4 = -0, -5*j - 4*g = 10. Let f = 4 + j. What is the units digit of 4/(-6) - (-64)/f?
0
Let n = 42 + 6. What is the units digit of n?
8
Suppose 2*d - 6 = -d. Suppose -3*p = 5*i - 44, -3*i + d*i - 4 = -p. What is the units digit of p?
8
Let o = -27 - -38. Suppose 3*m - o = 7. What is the units digit of 5 + 0*(-3)/m?
5
Let r = -6 + 9. Suppose -2*w - 31 = -q - 0, 116 = 5*q + r*w. What is the tens digit of q?
2
Let f(d) be the third derivative of d**7/1680 + d**6/720 + d**5/20 + d**2. Let s(t) be the third derivative of f(t). What is the units digit of s(1)?
4
Let k = -3 - -3. Suppose 4*g + 99 = 5*y - k*y, y + 2*g = 31. What is the units digit of y?
3
Let q(c) = 3*c - 5. Let n(k) = k - 3. Let b be n(4). Let o(a) = 4*a**3 + a - 1. Let s be o(b). What is the units digit of q(s)?
7
Let q(p) be the first derivative of -p**2 + 10*p + 2. What is the tens digit of q(-10)?
3
Suppose 0*y - y + 4 = 0. Suppose y*c + 5 + 19 = 3*z, -c - 23 = -5*z. What is the units digit of z?
4
Suppose -4*f = 4*h - 5*f - 221, -4*f = -2*h + 114. What is the tens digit of h?
5
Suppose 6*h - 7*h + 54 = 0. What is the units digit of h?
4
Suppose -4*z + z = 3*s - 30, 0 = 2*z + 4*s - 10. Suppose 2*t - 5*t - z = 0. Let l = t + 10. What is the units digit of l?
5
Suppose 41 + 37 = -3*q. What is the units digit of (q/(-4))/((-1)/(-2))?
3
Suppose 5*p = 4*a + 52, 6*a - 28 = -5*p + 2*a. Suppose n - p = -n. What is the units digit of n?
4
Let b = 23 + 10. What is the units digit of b?
3
Suppose 67 + 17 = 3*v. What is the units digit of v?
8
Let o(q) = -2*q**3 + 21*q**2 - 15*q + 9. What is the units digit of o(8)?
9
Suppose y - 2*h = 2*h + 281, 4*h - 1124 = -4*y. What is the units digit of y?
1
Let h = -1 - -5. Suppose -14 = -2*b + p + 45, h*b = p + 115. What is the units digit of b?
8
Let w be 119/5 - (-1)/5. Let a be (15/9)/(2/w). Suppose 2*s = 6*s - a. What is the units digit of s?
5
Let b = -3 + 5. Let o be (-1 + b)/(4 + -5). What is the units digit of o/5 - 22/(-10)?
2
What is the units digit of (-6)/((-72)/(-20))*(-17 + -1)?
0
Let s = 11 + -3. What is the units digit of s?
8
Suppose 2*l - 4 = l - 2*u, -l + 5*u = -25. Suppose -g = 3*g, -3*g + l = 2*j. Suppose 0*p = -p - 2*y + j, 2*p - 2 = 4*y. What is the units digit of p?
3
Let x be 5 + -2 + -5 + 2. Suppose i - 5*i + 32 = x. What is the units digit of i?
8
Suppose 2*q = -b + 12, 5*b - 2*q - 125 = q. What is the tens digit of b?
2
Let p = 3 + -1. Suppose 4*u - 20 = -w, -p*w = 3*w - 20. What is the units digit of u?
4
Let h(r) = r - 3. Let n(d) = -3*d + 10. Let m(f) = 11*h(f) + 4*n(f). Let a be m(5). Let l = 2 + a. What is the units digit of l?
4
Let l(j) = j**3 + 11*j**2 + 11*j + 10. Let r be l(-10). Suppose r = -t + 12 + 5. What is the tens digit of t?
1
Suppose 5*t = 4*t - 6. Let z = 3 + t. Let o = z - -5. What is the units digit of o?
2
Suppose -v + 3 - 1 = 0. Suppose -v - 22 = -2*d. Suppose 2*j + 5*m - 28 = 3*m, 3*m + d = 3*j. What is the units digit of j?
9
Suppose -7 = -5*l + 3. Suppose -16 - 2 = -l*n. Suppose 5*a - n - 11 = 0. What is the units digit of a?
4
Let n be (-25)/(-20) + (-6)/(-8). Suppose 3*s = 4 + 2. Suppose 0 = s*d + n*d - 44. What is the units digit of d?
1
Suppose -5*w = 5, 0 = 3*f - w - 3*w - 4. Let p be -3 - (f + (-4)/2). What is the units digit of p + (2 - -1) - 0?
2
Let s(f) = f**2 + 4. What is the tens digit of s(-4)?
2
What is the tens digit of (37 - 7)*((-14)/(-3))/1?
4
Suppose -5*m + 7*q - 2*q + 215 = 0, 4*q = m - 58. What is the tens digit of m?
3
Let t(s) = -7*s + 3. Let n(w) = 6*w - 2. Let u(k) = 6*n(k) + 5*t(k). Let x be ((-1)/2 + 1)*14. What is the units digit of u(x)?
0
Let i = 10 + -4. What is the units digit of i?
6
Suppose 8*n - 16 = 2*b + 3*n, 5*n - 18 = b. Suppose -112 = 5*w + b*i, 2*i + 12 = -w - 4. What is the units digit of 4/(-10) + w/(-10)?
2
Suppose -m = -l + 266, 6*l - 3*l - 790 = -5*m. What is the units digit of l?
5
Let y = 5 - 2. What is the units digit of ((-38)/y)/((-1)/3)?
8
Let f be (-18)/(-5) + (-9)/15. Suppose -o - f*o + 104 = 0. What is the tens digit of o?
2
Suppose -2*d - 4*l + 68 = 0, 4*d + 4*l + 68 - 224 = 0. What is the units digit of d?
4
Let j = 78 + 32. What is the tens digit of j?
1
Suppose 4*s = 72 + 16. Let y = -14 + s. What